Is 108094626 a multiple of 9?
True
Does 530 divide 15294210?
True
Does 85 divide 34324307?
False
Is 82 a factor of 56814825?
False
Is 1210 a factor of 15865520?
True
Does 23 divide 7114406?
True
Is 807335584 a multiple of 22?
True
Does 3 divide 6345842?
False
Is 74370621 a multiple of 3?
True
Does 12 divide 9105864?
True
Does 16 divide 139597856?
True
Is 5829 a factor of 3466346757?
False
Is 17 a factor of 41975669?
True
Is 74627021 a multiple of 71?
False
Does 107 divide 63844011?
True
Is 33103968 a multiple of 1464?
True
Does 331 divide 5832948797?
False
Is 1397 a factor of 283543502?
True
Is 93 a factor of 1098546?
False
Is 2238375057 a multiple of 527?
True
Does 12 divide 108294895?
False
Does 6 divide 25854815?
False
Does 14 divide 23465162?
True
Is 122845064 a multiple of 90?
False
Is 5 a factor of 23140339?
False
Is 192990360 a multiple of 3480?
True
Does 343 divide 2531334512?
True
Does 2145 divide 16484325?
True
Is 19 a factor of 25614077?
False
Is 65533952 a multiple of 11?
True
Does 14 divide 56186749?
False
Is 328341666 a multiple of 22?
False
Is 10179221 a multiple of 37?
False
Is 184 a factor of 108578400?
True
Does 2690 divide 33261850?
True
Is 3101 a factor of 763680169?
True
Is 33742089 a multiple of 327?
False
Is 102901760 a multiple of 20?
True
Is 1118 a factor of 128342814?
False
Does 45 divide 766463?
False
Does 563 divide 42839333?
False
Does 47 divide 16342491?
False
Is 297993255 a multiple of 40?
False
Does 32 divide 1335431750?
False
Is 179216174 a multiple of 429?
False
Is 303170391 a multiple of 887?
True
Is 2091978560 a multiple of 98?
True
Does 8 divide 144343027?
False
Is 474 a factor of 20723129?
False
Is 339113140 a multiple of 703?
True
Is 4158 a factor of 347575343?
False
Does 15 divide 514806375?
True
Is 9688905 a multiple of 9?
True
Does 8327 divide 3069423797?
True
Is 126355408 a multiple of 4016?
True
Is 1696 a factor of 65310102?
False
Is 288120924 a multiple of 2898?
False
Is 14 a factor of 67028687?
False
Is 1150 a factor of 8736550?
True
Does 71 divide 478311593?
True
Is 95639943 a multiple of 18?
False
Does 2845 divide 1064397005?
True
Is 6042455181 a multiple of 36?
False
Does 2426 divide 47374928?
True
Is 33 a factor of 908921?
False
Is 467 a factor of 16817467?
False
Is 528699848 a multiple of 4786?
True
Is 13 a factor of 23554804?
True
Does 142 divide 25614916?
False
Is 898 a factor of 284614420?
False
Is 22844930 a multiple of 10?
True
Does 148 divide 15331172?
True
Is 107986560 a multiple of 11?
True
Does 363 divide 19049151?
True
Is 536084216 a multiple of 10?
False
Does 126 divide 220309236?
True
Does 1734 divide 23393394?
True
Is 9 a factor of 4120749?
True
Does 6 divide 200692122?
True
Is 1884 a factor of 183569424?
True
Is 17713724 a multiple of 3?
False
Is 6746 a factor of 1417246902?
True
Is 157 a factor of 33839937?
True
Does 58 divide 7718814?
True
Does 3251 divide 5450632?
False
Is 1258526115 a multiple of 21?
True
Is 80 a factor of 48987213?
False
Does 3479 divide 3659205242?
True
Is 11741760 a multiple of 45?
True
Does 13 divide 414763128?
True
Does 35 divide 1190365960?
True
Does 3 divide 99983133?
True
Is 309283500 a multiple of 316?
False
Is 1401612290 a multiple of 13?
True
Is 200613 a multiple of 21?
True
Is 124409210 a multiple of 6467?
False
Is 289119469 a multiple of 251?
False
Is 13 a factor of 579649174?
True
Does 13 divide 57918406?
True
Is 65160 a multiple of 12?
True
Is 24 a factor of 117794376?
True
Does 88 divide 69579187?
False
Is 95 a factor of 8407404?
False
Is 2492329945 a multiple of 85?
False
Is 82 a factor of 22906910?
False
Is 110638227 a multiple of 66?
False
Is 192 a factor of 101929178?
False
Is 2408451395 a multiple of 8015?
True
Is 558847173 a multiple of 1149?
True
Is 1501 a factor of 1091135?
False
Is 10 a factor of 666727273?
False
Is 35 a factor of 6864587?
False
Is 65704058 a multiple of 374?
False
Does 135 divide 884550760?
False
Does 163 divide 130035532?
True
Is 34103822 a multiple of 1310?
False
Does 2444 divide 94573207?
False
Does 196 divide 376475624?
True
Is 76 a factor of 12853524?
False
Is 448 a factor of 6733138814?
False
Is 157 a factor of 27007297?
True
Does 64 divide 7008832?
True
Does 42 divide 1685108845?
False
Is 12 a factor of 7710576?
True
Is 31 a factor of 1606854124?
True
Is 162 a factor of 5325159?
False
Is 2 a factor of 4637057?
False
Is 375 a factor of 9136875?
True
Is 1294 a factor of 35372784?
True
Is 75593743 a multiple of 6481?
False
Does 259 divide 3733825067?
True
Is 61874886 a multiple of 1455?
False
Is 420041050 a multiple of 4519?
True
Is 22 a factor of 346297292?
True
Is 6 a factor of 16261848?
True
Is 2468686802 a multiple of 88?
False
Is 3 a factor of 7400024?
False
Is 7405995292 a multiple of 9?
False
Is 18 a factor of 43653563?
False
Is 7758249 a multiple of 321?
True
Does 3625 divide 1329772882?
False
Is 1636 a factor of 52330732?
True
Is 151781921 a multiple of 23?
False
Is 121360624 a multiple of 11?
True
Is 15 a factor of 3378817134?
False
Is 91 a factor of 2626857051?
True
Is 49572583 a multiple of 13?
False
Is 12 a factor of 719142912?
True
Is 90732733 a multiple of 19?
True
Is 176 a factor of 115386884?
False
Is 1017 a factor of 156848021?
False
Is 536 a factor of 29360090?
False
Does 4 divide 15440484?
True
Is 13535895 a multiple of 15?
True
Does 173 divide 795216990?
True
Does 2 divide 45379364?
True
Is 200 a factor of 18568000?
True
Is 1027602030 a multiple of 1470?
True
Is 542 a factor of 13814850?
False
Does 85 divide 22826215?
False
Is 9 a factor of 2600190?
True
Does 7 divide 14949309?
False
Is 65911552 a multiple of 27?
False
Is 31837120 a multiple of 244?
True
Is 3054 a factor of 149790256?
False
Does 333 divide 13272381?
True
Is 10897 a factor of 619134849?
True
Is 52 a factor of 804948041?
False
Does 269 divide 855574406?
True
Does 48 divide 2964567492?
False
Does 1898 divide 1132242410?
True
Is 64 a factor of 41263232?
True
Does 37 divide 1684589?
False
Does 518 divide 13164633?
False
Is 35324512 a multiple of 2?
True
Does 40 divide 65187040?
True
Is 37868886 a multiple of 11?
True
Is 38394152 a multiple of 194?
True
Does 12 divide 1025466401?
False
Is 778645 a multiple of 35?
True
Is 8 a factor of 27225752?
True
Does 807 divide 19501599?
False
Is 402 a factor of 37692414?
False
Is 328 a factor of 22151808?
True
Does 19 divide 7174799?
True
Is 45 a factor of 764221603?
False
Is 86811976 even?
True
Does 1311 divide 510700050?
True
Is 14970644 a multiple of 26?
True
Is 23359960 a multiple of 104?
True
Is 67584 a multiple of 2?
True
Does 678 divide 259367544?
True
Is 59 a factor of 95535278?
True
Does 1738 divide 37294004?
True
Does 1014 divide 497372807?
False
Does 31 divide 1282858802?
True
Does 101 divide 12894285?
False
Does 24 divide 771902535?
False
Is 364 a factor of 36267140?
True
Is 205264486 a multiple of 38?
True
Is 165 a factor of 122040435?
True
Is 1940883100 a multiple of 925?
True
Is 152 a factor of 767578371?
False
Is 8 a factor of 2895732064?
True
Is 148622119 a multiple of 28?
False
Is 50 a factor of 4364750?
True
Is 3105326525 a multiple of 725?
True
Is 1220362288 a multiple of 926?
False
Is 381898795 a multiple of 85?
True
Is 204 a factor of 59364000?
True
Is 682422674 a multiple of 9?
False
Is 945314 a multiple of 305?
False
Is 27775141 a multiple of 756?
False
Is 63 a factor of 29353464?
True
Is 56417850 a multiple of 414?
True
Does 55 divide 278200448?
False
Is 176704243 a multiple of 106?
False
Is 150647705 a multiple of 43?
True
Does 201 divide 24517980?
True
Does 375 divide 29125125?
True
Does 12 divide 1024505894?
False
Is 430 a factor of 71689600?
True
Does 117 divide 55682289?
True
Is 147 a factor of 11292834?
True
Does 8 divide 162521864?
True
Is 2471 a factor of 21480403?
True
Does 2840 divide 220156800?
True
Is 702 a factor of 831035322?
True
Is 41546703 a multiple of 33?
True
Is 58 a factor of 4974656?
False
Is 2131 a factor of 674275277?
False
Is 118924861 a multiple of 89?
False
Is 23 a factor of 419240274?
True
Does 750 divide 141146331?
False
Does 39 divide 209268735?
True
Is 17 a factor of 32088581?
False
Does 239 divide 293110312?
False
Is 987 a factor of 4424809?
False
Is 197 a factor of 452589770?
True
Is 1342 a factor of 2097568814?
True
Does 3314 divi